{"id":1826,"date":"2023-12-07T14:02:31","date_gmt":"2023-12-07T13:02:31","guid":{"rendered":"https:\/\/derechointernacionalpublico.umh.es\/?page_id=1826"},"modified":"2024-03-09T22:42:12","modified_gmt":"2024-03-09T21:42:12","slug":"seminario-practico-interuniversitario-inmigracion-y-asilo-en-la-ue-prodic-umh-2021-22","status":"publish","type":"page","link":"https:\/\/derechointernacionalpublico.umh.es\/ca\/actividades\/innovacion\/proyecto-internacionalizacion-en-casa-prodic\/seminario-practico-interuniversitario-inmigracion-y-asilo-en-la-ue-prodic-umh-2021-22\/","title":{"rendered":"<span lang=\"es\">(Espa\u00f1ol) SEMINARIO PR\u00c1CTICO INTERUNIVERSITARIO INMIGRACI\u00d3N Y ASILO EN LA UE-PRODIC UMH (2021-22)<\/span>"},"content":{"rendered":"<p class=\"qtranxs-available-languages-message qtranxs-available-languages-message-ca\">Ho sentim, aquesta entrada es troba disponible \u00fanicament en <a href=\"https:\/\/derechointernacionalpublico.umh.es\/es\/wp-json\/wp\/v2\/pages\/1826\" class=\"qtranxs-available-language-link qtranxs-available-language-link-es\" title=\"Espa\u00f1ol\">Espanyol Europeu<\/a>.<\/p>","protected":false},"excerpt":{"rendered":"<p>Ho sentim, aquesta entrada es troba disponible \u00fanicament en Espanyol Europeu.<\/p>\n","protected":false},"author":24752,"featured_media":0,"parent":1475,"menu_order":20,"comment_status":"closed","ping_status":"closed","template":"","meta":{"ngg_post_thumbnail":0,"_links_to":"","_links_to_target":""},"_links":{"self":[{"href":"https:\/\/derechointernacionalpublico.umh.es\/ca\/wp-json\/wp\/v2\/pages\/1826"}],"collection":[{"href":"https:\/\/derechointernacionalpublico.umh.es\/ca\/wp-json\/wp\/v2\/pages"}],"about":[{"href":"https:\/\/derechointernacionalpublico.umh.es\/ca\/wp-json\/wp\/v2\/types\/page"}],"author":[{"embeddable":true,"href":"https:\/\/derechointernacionalpublico.umh.es\/ca\/wp-json\/wp\/v2\/users\/24752"}],"replies":[{"embeddable":true,"href":"https:\/\/derechointernacionalpublico.umh.es\/ca\/wp-json\/wp\/v2\/comments?post=1826"}],"version-history":[{"count":0,"href":"https:\/\/derechointernacionalpublico.umh.es\/ca\/wp-json\/wp\/v2\/pages\/1826\/revisions"}],"up":[{"embeddable":true,"href":"https:\/\/derechointernacionalpublico.umh.es\/ca\/wp-json\/wp\/v2\/pages\/1475"}],"wp:attachment":[{"href":"https:\/\/derechointernacionalpublico.umh.es\/ca\/wp-json\/wp\/v2\/media?parent=1826"}],"curies":[{"name":"wp","href":"https:\/\/api.w.org\/{rel}","templated":true}]}}

<span lang="es">(Español) SEMINARIO PRÁCTICO INTERUNIVERSITARIO INMIGRACIÓN Y ASILO EN LA UE-PRODIC UMH (2021-22)</span>

<p class="qtranxs-available-languages-message qtranxs-available-languages-message-ca">Ho sentim, aquesta entrada es troba disponible únicament en <a href="https://derechointernacionalpublico.umh.es/es/wp-json/wp/v2/pages/1826" class="qtranxs-available-language-link qtranxs-available-language-link-es" title="Español">Espanyol Europeu</a>.</p>

<p>Ho sentim, aquesta entrada es troba disponible únicament en Espanyol Europeu.</p>
