{"id":23,"date":"2013-06-06T17:13:21","date_gmt":"2013-06-06T17:13:21","guid":{"rendered":"http:\/\/derechointernacionalpublico.umh.es\/proyectos\/ambito-internacional\/el-desarrollo-de-sinergias-entre-el-espacio-europeo-de-educacion-superior-y-el-espacio-latinoamericano-y-caribeno-de-educacion-superior\/"},"modified":"2023-12-01T18:59:52","modified_gmt":"2023-12-01T17:59:52","slug":"el-desarrollo-de-sinergias-entre-el-espacio-europeo-de-educacion-superior-y-el-espacio-latinoamericano-y-caribeno-de-educacion-superior","status":"publish","type":"page","link":"https:\/\/derechointernacionalpublico.umh.es\/ca\/investigacion\/proyectos\/ambito-internacional\/el-desarrollo-de-sinergias-entre-el-espacio-europeo-de-educacion-superior-y-el-espacio-latinoamericano-y-caribeno-de-educacion-superior\/","title":{"rendered":"<span lang=\"es\">(Espa\u00f1ol) EL DESARROLLO DE SINERGIAS ENTRE EL ESPACIO EUROPEO DE EDUCACI\u00d3N SUPERIOR Y EL ESPACIO LATINOAMERICANO Y CARIBE\u00d1O DE EDUCACI\u00d3N SUPERIOR<\/span>"},"content":{"rendered":"<p class=\"qtranxs-available-languages-message qtranxs-available-languages-message-ca\">Ho sentim, aquesta entrada es troba disponible \u00fanicament en <a href=\"https:\/\/derechointernacionalpublico.umh.es\/es\/wp-json\/wp\/v2\/pages\/23\" class=\"qtranxs-available-language-link qtranxs-available-language-link-es\" title=\"Espa\u00f1ol\">Espanyol Europeu<\/a>.<\/p>","protected":false},"excerpt":{"rendered":"<p>Ho sentim, aquesta entrada es troba disponible \u00fanicament en Espanyol Europeu.<\/p>\n","protected":false},"author":2793,"featured_media":0,"parent":19,"menu_order":0,"comment_status":"closed","ping_status":"open","template":"","meta":{"ngg_post_thumbnail":0,"_links_to":"","_links_to_target":""},"_links":{"self":[{"href":"https:\/\/derechointernacionalpublico.umh.es\/ca\/wp-json\/wp\/v2\/pages\/23"}],"collection":[{"href":"https:\/\/derechointernacionalpublico.umh.es\/ca\/wp-json\/wp\/v2\/pages"}],"about":[{"href":"https:\/\/derechointernacionalpublico.umh.es\/ca\/wp-json\/wp\/v2\/types\/page"}],"author":[{"embeddable":true,"href":"https:\/\/derechointernacionalpublico.umh.es\/ca\/wp-json\/wp\/v2\/users\/2793"}],"replies":[{"embeddable":true,"href":"https:\/\/derechointernacionalpublico.umh.es\/ca\/wp-json\/wp\/v2\/comments?post=23"}],"version-history":[{"count":0,"href":"https:\/\/derechointernacionalpublico.umh.es\/ca\/wp-json\/wp\/v2\/pages\/23\/revisions"}],"up":[{"embeddable":true,"href":"https:\/\/derechointernacionalpublico.umh.es\/ca\/wp-json\/wp\/v2\/pages\/19"}],"wp:attachment":[{"href":"https:\/\/derechointernacionalpublico.umh.es\/ca\/wp-json\/wp\/v2\/media?parent=23"}],"curies":[{"name":"wp","href":"https:\/\/api.w.org\/{rel}","templated":true}]}}

<span lang="es">(Español) EL DESARROLLO DE SINERGIAS ENTRE EL ESPACIO EUROPEO DE EDUCACIÓN SUPERIOR Y EL ESPACIO LATINOAMERICANO Y CARIBEÑO DE EDUCACIÓN SUPERIOR</span>

<p class="qtranxs-available-languages-message qtranxs-available-languages-message-ca">Ho sentim, aquesta entrada es troba disponible únicament en <a href="https://derechointernacionalpublico.umh.es/es/wp-json/wp/v2/pages/23" class="qtranxs-available-language-link qtranxs-available-language-link-es" title="Español">Espanyol Europeu</a>.</p>

<p>Ho sentim, aquesta entrada es troba disponible únicament en Espanyol Europeu.</p>
