{"id":30,"date":"2013-06-06T17:21:37","date_gmt":"2013-06-06T17:21:37","guid":{"rendered":"http:\/\/derechointernacionalpublico.umh.es\/paz-y-seguridad-en-el-mediterraneo-analisis-juridico-desde-una-perspectiva-es-espanola-i\/"},"modified":"2025-10-19T20:13:57","modified_gmt":"2025-10-19T18:13:57","slug":"paz-y-seguridad-en-el-mediterraneo-analisis-juridico-desde-una-perspectiva-es-espanola-i","status":"publish","type":"page","link":"https:\/\/derechointernacionalpublico.umh.es\/ca\/investigacion\/proyectos\/ambito-nacional\/paz-y-seguridad-en-el-mediterraneo-analisis-juridico-desde-una-perspectiva-es-espanola-i\/","title":{"rendered":"<span lang=\"es\">(Espa\u00f1ol) PAZ Y SEGURIDAD EN EL MEDITERR\u00c1NEO: AN\u00c1LISIS JUR\u00cdDICO DESDE UNA PERSPECTIVA ES ESPA\u00d1OLA (I)<\/span>"},"content":{"rendered":"<p><\/p>\n<p><\/p>","protected":false},"excerpt":{"rendered":"","protected":false},"author":2793,"featured_media":0,"parent":29,"menu_order":14,"comment_status":"closed","ping_status":"open","template":"","meta":{"ngg_post_thumbnail":0,"_links_to":"","_links_to_target":""},"_links":{"self":[{"href":"https:\/\/derechointernacionalpublico.umh.es\/ca\/wp-json\/wp\/v2\/pages\/30"}],"collection":[{"href":"https:\/\/derechointernacionalpublico.umh.es\/ca\/wp-json\/wp\/v2\/pages"}],"about":[{"href":"https:\/\/derechointernacionalpublico.umh.es\/ca\/wp-json\/wp\/v2\/types\/page"}],"author":[{"embeddable":true,"href":"https:\/\/derechointernacionalpublico.umh.es\/ca\/wp-json\/wp\/v2\/users\/2793"}],"replies":[{"embeddable":true,"href":"https:\/\/derechointernacionalpublico.umh.es\/ca\/wp-json\/wp\/v2\/comments?post=30"}],"version-history":[{"count":0,"href":"https:\/\/derechointernacionalpublico.umh.es\/ca\/wp-json\/wp\/v2\/pages\/30\/revisions"}],"up":[{"embeddable":true,"href":"https:\/\/derechointernacionalpublico.umh.es\/ca\/wp-json\/wp\/v2\/pages\/29"}],"wp:attachment":[{"href":"https:\/\/derechointernacionalpublico.umh.es\/ca\/wp-json\/wp\/v2\/media?parent=30"}],"curies":[{"name":"wp","href":"https:\/\/api.w.org\/{rel}","templated":true}]}}

<span lang="es">(Español) PAZ Y SEGURIDAD EN EL MEDITERRÁNEO: ANÁLISIS JURÍDICO DESDE UNA PERSPECTIVA ES ESPAÑOLA (I)</span>
