{"id":69,"date":"2014-01-08T18:01:00","date_gmt":"2014-01-08T17:01:00","guid":{"rendered":"http:\/\/derechointernacionalpublico.umh.es\/?page_id=69"},"modified":"2020-03-03T15:54:25","modified_gmt":"2020-03-03T14:54:25","slug":"catedra-jean-monnet-laction-exterieure-de-lunion-europeenne-en-matiere-des-droits-de-lhomme","status":"publish","type":"page","link":"https:\/\/derechointernacionalpublico.umh.es\/ca\/investigacion\/proyectos\/ambito-europeo\/catedra-jean-monnet-laction-exterieure-de-lunion-europeenne-en-matiere-des-droits-de-lhomme\/","title":{"rendered":"<span lang=\"es\">(Espa\u00f1ol) C\u00c1TEDRA JEAN MONNET: L&#8217;ACTION EXT\u00c9RIEURE DE L&#8217;UNION EUROP\u00c9ENNE EN MATI\u00c8RE DES DROITS DE L&#8217;HOMME<\/span>"},"content":{"rendered":"<p class=\"qtranxs-available-languages-message qtranxs-available-languages-message-ca\">Ho sentim, aquesta entrada es troba disponible \u00fanicament en <a href=\"https:\/\/derechointernacionalpublico.umh.es\/es\/wp-json\/wp\/v2\/pages\/69\" class=\"qtranxs-available-language-link qtranxs-available-language-link-es\" title=\"Espa\u00f1ol\">Espanyol Europeu<\/a>.<\/p>","protected":false},"excerpt":{"rendered":"<p>Ho sentim, aquesta entrada es troba disponible \u00fanicament en Espanyol Europeu.<\/p>\n","protected":false},"author":789,"featured_media":0,"parent":24,"menu_order":2,"comment_status":"closed","ping_status":"open","template":"","meta":{"ngg_post_thumbnail":0,"_links_to":"","_links_to_target":""},"_links":{"self":[{"href":"https:\/\/derechointernacionalpublico.umh.es\/ca\/wp-json\/wp\/v2\/pages\/69"}],"collection":[{"href":"https:\/\/derechointernacionalpublico.umh.es\/ca\/wp-json\/wp\/v2\/pages"}],"about":[{"href":"https:\/\/derechointernacionalpublico.umh.es\/ca\/wp-json\/wp\/v2\/types\/page"}],"author":[{"embeddable":true,"href":"https:\/\/derechointernacionalpublico.umh.es\/ca\/wp-json\/wp\/v2\/users\/789"}],"replies":[{"embeddable":true,"href":"https:\/\/derechointernacionalpublico.umh.es\/ca\/wp-json\/wp\/v2\/comments?post=69"}],"version-history":[{"count":0,"href":"https:\/\/derechointernacionalpublico.umh.es\/ca\/wp-json\/wp\/v2\/pages\/69\/revisions"}],"up":[{"embeddable":true,"href":"https:\/\/derechointernacionalpublico.umh.es\/ca\/wp-json\/wp\/v2\/pages\/24"}],"wp:attachment":[{"href":"https:\/\/derechointernacionalpublico.umh.es\/ca\/wp-json\/wp\/v2\/media?parent=69"}],"curies":[{"name":"wp","href":"https:\/\/api.w.org\/{rel}","templated":true}]}}

<span lang="es">(Español) CÁTEDRA JEAN MONNET: L&#8217;ACTION EXTÉRIEURE DE L&#8217;UNION EUROPÉENNE EN MATIÈRE DES DROITS DE L&#8217;HOMME</span>

<p class="qtranxs-available-languages-message qtranxs-available-languages-message-ca">Ho sentim, aquesta entrada es troba disponible únicament en <a href="https://derechointernacionalpublico.umh.es/es/wp-json/wp/v2/pages/69" class="qtranxs-available-language-link qtranxs-available-language-link-es" title="Español">Espanyol Europeu</a>.</p>

<p>Ho sentim, aquesta entrada es troba disponible únicament en Espanyol Europeu.</p>
