{"id":35,"date":"2013-06-06T17:26:47","date_gmt":"2013-06-06T17:26:47","guid":{"rendered":"http:\/\/derechointernacionalpublico.umh.es\/proyectos\/ambito-nacional\/la-gestion-de-cuencas-internacionales-en-derecho-internacional-publico-y-derecho-comunitario-con-especial-referencia-a-la-peninsula-iberica\/"},"modified":"2025-10-19T20:09:49","modified_gmt":"2025-10-19T18:09:49","slug":"la-gestion-de-cuencas-internacionales-en-derecho-internacional-publico-y-derecho-comunitario-con-especial-referencia-a-la-peninsula-iberica","status":"publish","type":"page","link":"https:\/\/derechointernacionalpublico.umh.es\/en\/investigacion\/proyectos\/ambito-nacional\/la-gestion-de-cuencas-internacionales-en-derecho-internacional-publico-y-derecho-comunitario-con-especial-referencia-a-la-peninsula-iberica\/","title":{"rendered":"<span lang=\"es\">(Espa\u00f1ol) LA GESTI\u00d3N DE CUENCAS INTERNACIONALES EN DERECHO INTERNACIONAL P\u00daBLICO Y DERECHO COMUNITARIO CON ESPECIAL REFERENCIA A LA PEN\u00cdNSULA IB\u00c9RICA<\/span>"},"content":{"rendered":"<p><\/p>\n<p><\/p>","protected":false},"excerpt":{"rendered":"","protected":false},"author":2793,"featured_media":0,"parent":29,"menu_order":20,"comment_status":"closed","ping_status":"open","template":"","meta":{"ngg_post_thumbnail":0,"_links_to":"","_links_to_target":""},"_links":{"self":[{"href":"https:\/\/derechointernacionalpublico.umh.es\/en\/wp-json\/wp\/v2\/pages\/35"}],"collection":[{"href":"https:\/\/derechointernacionalpublico.umh.es\/en\/wp-json\/wp\/v2\/pages"}],"about":[{"href":"https:\/\/derechointernacionalpublico.umh.es\/en\/wp-json\/wp\/v2\/types\/page"}],"author":[{"embeddable":true,"href":"https:\/\/derechointernacionalpublico.umh.es\/en\/wp-json\/wp\/v2\/users\/2793"}],"replies":[{"embeddable":true,"href":"https:\/\/derechointernacionalpublico.umh.es\/en\/wp-json\/wp\/v2\/comments?post=35"}],"version-history":[{"count":0,"href":"https:\/\/derechointernacionalpublico.umh.es\/en\/wp-json\/wp\/v2\/pages\/35\/revisions"}],"up":[{"embeddable":true,"href":"https:\/\/derechointernacionalpublico.umh.es\/en\/wp-json\/wp\/v2\/pages\/29"}],"wp:attachment":[{"href":"https:\/\/derechointernacionalpublico.umh.es\/en\/wp-json\/wp\/v2\/media?parent=35"}],"curies":[{"name":"wp","href":"https:\/\/api.w.org\/{rel}","templated":true}]}}

<span lang="es">(Español) LA GESTIÓN DE CUENCAS INTERNACIONALES EN DERECHO INTERNACIONAL PÚBLICO Y DERECHO COMUNITARIO CON ESPECIAL REFERENCIA A LA PENÍNSULA IBÉRICA</span>
