{"id":38,"date":"2013-06-06T17:30:44","date_gmt":"2013-06-06T17:30:44","guid":{"rendered":"http:\/\/derechointernacionalpublico.umh.es\/investigacion\/proyectos\/otros-ambitos\/derechos-fundamentales-y-ciudadania-en-el-espacio-de-libertad-seguridad-y-justicia-de-la-union-europea\/"},"modified":"2023-12-07T13:39:38","modified_gmt":"2023-12-07T12:39:38","slug":"derechos-fundamentales-y-ciudadania-en-el-espacio-de-libertad-seguridad-y-justicia-de-la-union-europea","status":"publish","type":"page","link":"https:\/\/derechointernacionalpublico.umh.es\/en\/investigacion\/proyectos\/otros-ambitos\/derechos-fundamentales-y-ciudadania-en-el-espacio-de-libertad-seguridad-y-justicia-de-la-union-europea\/","title":{"rendered":"<span lang=\"es\">(Espa\u00f1ol) DERECHOS FUNDAMENTALES Y CIUDADAN\u00cdA EN EL ESPACIO DE LIBERTAD, SEGURIDAD Y JUSTICIA DE LA UNI\u00d3N EUROPEA<\/span>"},"content":{"rendered":"<p class=\"qtranxs-available-languages-message qtranxs-available-languages-message-en\">Sorry, this entry is only available in <a href=\"https:\/\/derechointernacionalpublico.umh.es\/es\/wp-json\/wp\/v2\/pages\/38\" class=\"qtranxs-available-language-link qtranxs-available-language-link-es\" title=\"Espa\u00f1ol\">European Spanish<\/a>.<\/p>","protected":false},"excerpt":{"rendered":"<p>Sorry, this entry is only available in European Spanish.<\/p>\n","protected":false},"author":2793,"featured_media":0,"parent":36,"menu_order":15,"comment_status":"closed","ping_status":"open","template":"","meta":{"ngg_post_thumbnail":0,"_links_to":"","_links_to_target":""},"_links":{"self":[{"href":"https:\/\/derechointernacionalpublico.umh.es\/en\/wp-json\/wp\/v2\/pages\/38"}],"collection":[{"href":"https:\/\/derechointernacionalpublico.umh.es\/en\/wp-json\/wp\/v2\/pages"}],"about":[{"href":"https:\/\/derechointernacionalpublico.umh.es\/en\/wp-json\/wp\/v2\/types\/page"}],"author":[{"embeddable":true,"href":"https:\/\/derechointernacionalpublico.umh.es\/en\/wp-json\/wp\/v2\/users\/2793"}],"replies":[{"embeddable":true,"href":"https:\/\/derechointernacionalpublico.umh.es\/en\/wp-json\/wp\/v2\/comments?post=38"}],"version-history":[{"count":0,"href":"https:\/\/derechointernacionalpublico.umh.es\/en\/wp-json\/wp\/v2\/pages\/38\/revisions"}],"up":[{"embeddable":true,"href":"https:\/\/derechointernacionalpublico.umh.es\/en\/wp-json\/wp\/v2\/pages\/36"}],"wp:attachment":[{"href":"https:\/\/derechointernacionalpublico.umh.es\/en\/wp-json\/wp\/v2\/media?parent=38"}],"curies":[{"name":"wp","href":"https:\/\/api.w.org\/{rel}","templated":true}]}}

<span lang="es">(Español) DERECHOS FUNDAMENTALES Y CIUDADANÍA EN EL ESPACIO DE LIBERTAD, SEGURIDAD Y JUSTICIA DE LA UNIÓN EUROPEA</span>

<p class="qtranxs-available-languages-message qtranxs-available-languages-message-en">Sorry, this entry is only available in <a href="https://derechointernacionalpublico.umh.es/es/wp-json/wp/v2/pages/38" class="qtranxs-available-language-link qtranxs-available-language-link-es" title="Español">European Spanish</a>.</p>
